{"id":2,"date":"2016-05-10T03:48:21","date_gmt":"2016-05-10T03:48:21","guid":{"rendered":"http:\/\/delphi-rheda.mediaproductiv.de\/?page_id=2"},"modified":"2024-06-11T13:23:25","modified_gmt":"2024-06-11T13:23:25","slug":"sample-page","status":"publish","type":"page","link":"https:\/\/delphi-rheda.de\/","title":{"rendered":"Herzlich Willkommen !"},"content":{"rendered":"\n<h2 class=\"wp-block-heading\"><strong>Mediterran genie\u00dfen in sch\u00f6ner Umgebung&#8230;.<\/strong><\/h2>\n\n\n<div class=\"wp1s-slider-wrapper wp1s-slider-wrapper-45439 \">  \r\n        <div class=\"wp1s-main-wrapper wp1s-shadow wp1s-shadow-type-1\">\r\n     \r\n\r\n    <div class=\"wp1s-slider-container wp1s-pager-type-1 wp1s-arrow-type-1 wp1s-pagination\">\r\n    <ul class=\"wp1s-bxslider\" data-id=\"45439\" data-auto='true' data-speed='1000' data-pause='5100' data-transition='horizontal' data-controls='true' data-responsive='true' data-pager='disable' >\r\n            <li>\r\n            <img src=\"http:\/\/delphi-rheda.de\/wp-content\/uploads\/2020\/05\/IMG_3901.jpg\" \/>\r\n            <div class=\"wp1s-caption-wrapper wp1s-caption-type-1 wp1s-caption-topleft\">\r\n            <h1 class=\"wp1s-caption-title\"><\/h1>\r\n            <h2 class=\"wp1s-caption-content\"><\/h2>\r\n                        <\/div>\r\n        <\/li>\r\n            <li>\r\n            <img src=\"http:\/\/delphi-rheda.de\/wp-content\/uploads\/2020\/05\/IMG_3904.jpg\" \/>\r\n            <div class=\"wp1s-caption-wrapper wp1s-caption-type-1 wp1s-caption-topleft\">\r\n            <h1 class=\"wp1s-caption-title\"><\/h1>\r\n            <h2 class=\"wp1s-caption-content\"><\/h2>\r\n                        <\/div>\r\n        <\/li>\r\n            <li>\r\n            <img src=\"http:\/\/delphi-rheda.de\/wp-content\/uploads\/2020\/05\/IMG_3907.jpg\" \/>\r\n            <div class=\"wp1s-caption-wrapper wp1s-caption-type-1 wp1s-caption-topleft\">\r\n            <h1 class=\"wp1s-caption-title\"><\/h1>\r\n            <h2 class=\"wp1s-caption-content\"><\/h2>\r\n                        <\/div>\r\n        <\/li>\r\n            <li>\r\n            <img src=\"http:\/\/delphi-rheda.de\/wp-content\/uploads\/2020\/05\/IMG_3913-1.jpg\" \/>\r\n            <div class=\"wp1s-caption-wrapper wp1s-caption-type-1 wp1s-caption-topleft\">\r\n            <h1 class=\"wp1s-caption-title\"><\/h1>\r\n            <h2 class=\"wp1s-caption-content\"><\/h2>\r\n                        <\/div>\r\n        <\/li>\r\n            <li>\r\n            <img src=\"http:\/\/delphi-rheda.de\/wp-content\/uploads\/2020\/05\/IMG_E3917-1.jpg\" \/>\r\n            <div class=\"wp1s-caption-wrapper wp1s-caption-type-1 wp1s-caption-topleft\">\r\n            <h1 class=\"wp1s-caption-title\"><\/h1>\r\n            <h2 class=\"wp1s-caption-content\"><\/h2>\r\n                        <\/div>\r\n        <\/li>\r\n            <li>\r\n            <img src=\"http:\/\/delphi-rheda.de\/wp-content\/uploads\/2020\/05\/IMG_3898-1.jpg\" \/>\r\n            <div class=\"wp1s-caption-wrapper wp1s-caption-type-1 wp1s-caption-topleft\">\r\n            <h1 class=\"wp1s-caption-title\"><\/h1>\r\n            <h2 class=\"wp1s-caption-content\"><\/h2>\r\n                        <\/div>\r\n        <\/li>\r\n            <li>\r\n            <img src=\"http:\/\/delphi-rheda.de\/wp-content\/uploads\/2020\/05\/IMG_3896-1.jpg\" \/>\r\n            <div class=\"wp1s-caption-wrapper wp1s-caption-type-1 wp1s-caption-topleft\">\r\n            <h1 class=\"wp1s-caption-title\"><\/h1>\r\n            <h2 class=\"wp1s-caption-content\"><\/h2>\r\n                        <\/div>\r\n        <\/li>\r\n            <li>\r\n            <img src=\"http:\/\/delphi-rheda.de\/wp-content\/uploads\/2020\/05\/IMG_3889-1.jpg\" \/>\r\n            <div class=\"wp1s-caption-wrapper wp1s-caption-type-1 wp1s-caption-topleft\">\r\n            <h1 class=\"wp1s-caption-title\"><\/h1>\r\n            <h2 class=\"wp1s-caption-content\"><\/h2>\r\n                        <\/div>\r\n        <\/li>\r\n        <\/ul>\r\n    <\/div>\r\n<\/div>\r\n      <\/div>\r\n   <style>\r\n\r\n.wp1s-slider-wrapper-45439 {\r\n    \r\n     width:100%;   \r\n}\r\n\r\n.wp1s-slider-wrapper-45439 .wp1s-caption-wrapper.wp1s-caption-type-1 .wp1s-caption-title{\r\n\r\n    font-size:20px;\r\n   \r\n}\r\n\r\n.wp1s-slider-wrapper-45439 .wp1s-caption-wrapper.wp1s-caption-type-1 .wp1s-caption-content{\r\n   \r\n    font-size: 40px;\r\n    \r\n}\r\n.wp1s-slider-wrapper-45439 .wp1s-caption-wrapper.wp1s-caption-type-2 .wp1s-caption-title {\r\n    font-size:20px;\r\n    background-color:rgba(125,165,82,0.8);\r\n   \r\n}\r\n.wp1s-slider-wrapper-45439 .wp1s-caption-wrapper.wp1s-caption-type-2 .wp1s-caption-content {\r\n    font-size:40px;\r\n\r\n}\r\n.wp1s-slider-wrapper-45439 .wp1s-caption-wrapper.wp1s-caption-type-3 .wp1s-caption-title {\r\n    font-size:20px;\r\n    border-bottom:7px solid #2ed1ff;\r\n}\r\n.wp1s-slider-wrapper-45439 .wp1s-caption-wrapper.wp1s-caption-type-3 .wp1s-caption-content {\r\n    font-size:40px;\r\n   \r\n}\r\n.wp1s-slider-wrapper-45439 .wp1s-caption-wrapper.wp1s-caption-type-4  {\r\n   \r\n    background-color:rgba(124,118,118,0.6);\r\n\r\n}\r\n.wp1s-slider-wrapper-45439 .wp1s-caption-wrapper.wp1s-caption-type-4 .wp1s-caption-title {\r\n    font-size:20px;\r\n\r\n}\r\n.wp1s-slider-wrapper-45439 .wp1s-caption-wrapper.wp1s-caption-type-4 .wp1s-caption-content {\r\n    font-size:40px;\r\n}\r\n.wp1s-slider-wrapper-45439 .wp1s-caption-wrapper .wp1s-caption-title {\r\n    color:#ffffff;\r\n}\r\n.wp1s-slider-wrapper-45439 .wp1s-caption-wrapper .wp1s-caption-content {\r\n    color:#ffffff;\r\n}\r\n.wp1s-slider-wrapper-45439 .wp1s-main-wrapper .wp1s-pager-type-1 .bx-wrapper .bx-pager.bx-default-pager a {\r\n    background-color:#ffffff;\r\n}\r\n.wp1s-slider-wrapper-45439 .wp1s-main-wrapper .wp1s-pager-type-1 .bx-wrapper .bx-pager.bx-default-pager a:hover, \r\n.wp1s-slider-wrapper-45439 .wp1s-main-wrapper .wp1s-pager-type-1 .bx-wrapper .bx-pager.bx-default-pager a.active {\r\n    background-color:#3bb1f4;\r\n}\r\n.wp1s-slider-wrapper-45439 .wp1s-main-wrapper .wp1s-pager-type-2 .bx-wrapper .bx-pager.bx-default-pager a {\r\n    background-color:#635e5e;\r\n    border:3px solid #979191;\r\n}\r\n.wp1s-slider-wrapper-45439 .wp1s-main-wrapper .wp1s-pager-type-2 .bx-wrapper .bx-pager.bx-default-pager a:hover, \r\n.wp1s-slider-wrapper-45439 .wp1s-main-wrapper .wp1s-pager-type-2 .bx-wrapper .bx-pager.bx-default-pager a.active {\r\n    background-color:#ffffff;\r\n}\r\n.wp1s-slider-wrapper-45439 .wp1s-main-wrapper .wp1s-pager-type-3 .bx-wrapper .bx-pager.bx-default-pager a {\r\n    border:1px solid #ffffff;\r\n   \r\n}\r\n.wp1s-slider-wrapper-45439 .wp1s-main-wrapper .wp1s-pager-type-3 .bx-wrapper .bx-pager.bx-default-pager a:hover, \r\n.wp1s-slider-wrapper-45439 .wp1s-main-wrapper .wp1s-pager-type-3 .bx-wrapper .bx-pager.bx-default-pager a.active {\r\n    border-color:#ff9600;\r\n}\r\n.wp1s-slider-wrapper-45439 .wp1s-main-wrapper .wp1s-pager-type-4 .bx-wrapper .bx-pager.bx-default-pager a {\r\n    background-color:#7a7a7a;\r\n    \r\n}\r\n.wp1s-slider-wrapper-45439 .wp1s-main-wrapper .wp1s-pager-type-4 .bx-wrapper .bx-pager.bx-default-pager a:hover, \r\n.wp1s-slider-wrapper-45439 .wp1s-main-wrapper .wp1s-pager-type-4 .bx-wrapper .bx-pager.bx-default-pager a.active {\r\n    background-color:#ffffff;\r\n}\r\n.wp1s-slider-wrapper-45439 .wp1s-caption-wrapper.wp1s-caption-type-1 .wps1-readmore-button {\r\n    background-color: #078f8a;\r\n    box-shadow: 0 2px 0 #056460;\r\n    -webkit-box-shadow: 0 2px 0 #056460;\r\n    -moz-box-shadow: 0 2px 0 #056460;\r\n}\r\n.wp1s-slider-wrapper-45439 .wp1s-caption-wrapper.wp1s-caption-type-1 .wps1-readmore-button:hover {\r\n    background-color:#08a39d;\r\n}\r\n@media (max-width:1200px) {\r\n.wp1s-slider-wrapper-45439 .wp1s-slider-wrapper {\r\nwidth:100%;\r\n}\r\n}\r\n.wp1s-widget-wrap .wp1s-caption-wrapper {\r\n\r\ndisplay: none;\r\n}\r\n\r\n.wp1s-widget-wrap .wp1s-thumbnail-wrapper {\r\ndisplay: none;\r\n}\r\n\r\n<\/style>\n\n\n\n<p>Seit vielen Jahren sind wir hier vor Ort eine gute Adresse, wenn es um traditionelle griechisches K\u00fcche geht. F\u00fcr uns ist es selbstverst\u00e4ndlich, dass wir die Qualit\u00e4t unserer Angebote immer gleichm\u00e4\u00dfig hochhalten und sie , wo m\u00f6glich, noch weiter verbessern .<\/p>\n\n\n\n<p>Das Sch\u00f6nste f\u00fcr uns als Gastgeber ist es, Sie in der Zeit in der Sie bei uns sind, zufrieden zu stellen. Die grosse Anzahl an Stammg\u00e4sten zeigt uns, dass dies auch \u00fcberwiegend gelingt und darauf sind wir ein wenig stolz.<\/p>\n\n\n\n<figure class=\"wp-block-gallery has-nested-images columns-default is-cropped wp-block-gallery-1 is-layout-flex\">\n<figure class=\"wp-block-image\"><img decoding=\"async\" loading=\"lazy\" width=\"1024\" height=\"576\" data-id=\"239\"  src=\"https:\/\/delphi-rheda.de\/wp-content\/uploads\/2020\/05\/Er\u00f6ffnung-1-1024x576.jpg\" alt=\"\" class=\"wp-image-239\" srcset=\"https:\/\/delphi-rheda.de\/wp-content\/uploads\/2020\/05\/Er\u00f6ffnung-1-1024x576.jpg 1024w, https:\/\/delphi-rheda.de\/wp-content\/uploads\/2020\/05\/Er\u00f6ffnung-1-300x169.jpg 300w, https:\/\/delphi-rheda.de\/wp-content\/uploads\/2020\/05\/Er\u00f6ffnung-1-768x432.jpg 768w, https:\/\/delphi-rheda.de\/wp-content\/uploads\/2020\/05\/Er\u00f6ffnung-1-2x1.jpg 2w, https:\/\/delphi-rheda.de\/wp-content\/uploads\/2020\/05\/Er\u00f6ffnung-1.jpg 1600w\" sizes=\"(max-width: 1024px) 100vw, 1024px\" \/><\/figure>\n\n\n\n<figure class=\"wp-block-image\"><img decoding=\"async\" loading=\"lazy\" width=\"768\" height=\"1024\" data-id=\"240\"  src=\"https:\/\/delphi-rheda.de\/wp-content\/uploads\/2020\/05\/Er\u00f6ffnung-2-768x1024.jpg\" alt=\"\" class=\"wp-image-240\" srcset=\"https:\/\/delphi-rheda.de\/wp-content\/uploads\/2020\/05\/Er\u00f6ffnung-2-768x1024.jpg 768w, https:\/\/delphi-rheda.de\/wp-content\/uploads\/2020\/05\/Er\u00f6ffnung-2-225x300.jpg 225w, https:\/\/delphi-rheda.de\/wp-content\/uploads\/2020\/05\/Er\u00f6ffnung-2-1x1.jpg 1w, https:\/\/delphi-rheda.de\/wp-content\/uploads\/2020\/05\/Er\u00f6ffnung-2.jpg 1080w\" sizes=\"(max-width: 768px) 100vw, 768px\" \/><\/figure>\n\n\n\n<figure class=\"wp-block-image\"><img decoding=\"async\" loading=\"lazy\" width=\"640\" height=\"480\" data-id=\"273\"  src=\"https:\/\/delphi-rheda.de\/wp-content\/uploads\/2020\/05\/Platte-1.jpg\" alt=\"\" class=\"wp-image-273\" srcset=\"https:\/\/delphi-rheda.de\/wp-content\/uploads\/2020\/05\/Platte-1.jpg 640w, https:\/\/delphi-rheda.de\/wp-content\/uploads\/2020\/05\/Platte-1-300x225.jpg 300w, https:\/\/delphi-rheda.de\/wp-content\/uploads\/2020\/05\/Platte-1-1x1.jpg 1w\" sizes=\"(max-width: 640px) 100vw, 640px\" \/><\/figure>\n<\/figure>\n\n\n\n<p><em><strong>Neuer\u00f6ffnung des Doktorplatz am &#8220;Delphi&#8221; mit erfrischenden Getr\u00e4nken und Fingerfood am 17.05.2020. <\/strong><\/em><\/p>\n\n\n\n<p>Mit unserem Umzug vor einiger Zeit an den Doktorplatz ins ehemalige &#8220;Doktor`s&#8221; haben wir uns vom Raum und Platz Angebot noch einmal deutlich verbessert. Insbesondere der mittlerweile neu gestaltete Doktorplatz ist an sch\u00f6nen Sommertagen ein wunderbarer Ort zum Verweilen und Genie\u00dfen inmitten der Stadt. <\/p>\n\n\n\n<p><strong>Wenn Sie reservieren wollen, dann rufen Sie einfach bei uns an.  Bitte nicht per Email, es kann sein, dass wir die nicht rechtzeitig lesen.<\/strong><\/p>\n\n\n\n<p>Das Team vom &#8220;Delphi&#8221; w\u00fcnscht Ihnen einen sch\u00f6nen Tag. <\/p>\n\n\n\n<p><\/p>\n","protected":false},"excerpt":{"rendered":"<p>Mediterran genie\u00dfen in sch\u00f6ner Umgebung&#8230;. Seit vielen Jahren sind wir hier vor Ort eine gute Adresse, wenn es um traditionelle griechisches K\u00fcche geht. F\u00fcr uns ist es selbstverst\u00e4ndlich, dass wir die Qualit\u00e4t unserer Angebote immer gleichm\u00e4\u00dfig hochhalten und sie , wo m\u00f6glich, noch weiter verbessern . Das Sch\u00f6nste f\u00fcr uns als Gastgeber ist es, Sie&#8230;<\/p>\n","protected":false},"author":1,"featured_media":0,"parent":0,"menu_order":0,"comment_status":"closed","ping_status":"open","template":"","meta":{"ngg_post_thumbnail":0},"_links":{"self":[{"href":"https:\/\/delphi-rheda.de\/index.php?rest_route=\/wp\/v2\/pages\/2"}],"collection":[{"href":"https:\/\/delphi-rheda.de\/index.php?rest_route=\/wp\/v2\/pages"}],"about":[{"href":"https:\/\/delphi-rheda.de\/index.php?rest_route=\/wp\/v2\/types\/page"}],"author":[{"embeddable":true,"href":"https:\/\/delphi-rheda.de\/index.php?rest_route=\/wp\/v2\/users\/1"}],"replies":[{"embeddable":true,"href":"https:\/\/delphi-rheda.de\/index.php?rest_route=%2Fwp%2Fv2%2Fcomments&post=2"}],"version-history":[{"count":28,"href":"https:\/\/delphi-rheda.de\/index.php?rest_route=\/wp\/v2\/pages\/2\/revisions"}],"predecessor-version":[{"id":645,"href":"https:\/\/delphi-rheda.de\/index.php?rest_route=\/wp\/v2\/pages\/2\/revisions\/645"}],"wp:attachment":[{"href":"https:\/\/delphi-rheda.de\/index.php?rest_route=%2Fwp%2Fv2%2Fmedia&parent=2"}],"curies":[{"name":"wp","href":"https:\/\/api.w.org\/{rel}","templated":true}]}}